Let o(s) = 6*g(s) + 11*v(s). Give o(7).
-4
Let i(w) = w**2 - 1. Let n(m) = m**2 + 13*m - 2. Let b be -5 + (2 - 0)*2. Let f(t) = 12*t**3 - t**2. Let d be f(b). Let l be n(d). Give i(l).
3
Let k(z) = z**2 + 15*z + 21. Suppose 0 = 2*c + 3*f + 29 + 5, 2*f = 2*c + 24. Give k(c).
7
Let d(w) = 3*w + 8. Let a be (3 - (-130)/(-15)) + 8/12. Determine d(a).
-7
Let z(p) be the first derivative of -3 - 2*p - p**2 + 1/3*p**3. Let d(a) = a + 6. Let c be d(-3). Give z(c).
1
Let u be (-1302)/(-48) - (-3)/(-24). Let j be (-2)/(1 + u/(-25)). Let s(t) = -11 - 16 + j + 4*t. Give s(4).
14
Suppose 0*o - 224 = 8*o. Let d = 26 + o. Let l(b) = 2*b**2 + b - 1. Determine l(d).
5
Let f(y) = -y**3 - 16*y**2 + 3*y + 48. Let k be f(-16). Suppose 3*v - 3 - 15 = k. Let q(p) = -7*p - p**3 + 7*p**2 - 4 + 5 - 4. Determine q(v).
-9
Let d(f) = -2*f**3 + f**2 - 2*f + 7. Let m(z) = -3*z**3 + z**2 - 3*z + 9. Let g(b) = -4*d(b) + 3*m(b). What is g(0)?
-1
Suppose 0 = 7*o - 9 - 5. Let u(f) = -o*f + 2*f - 5*f + f - 1. Determine u(4).
-17
Suppose -125*w = -127*w + 2. Let a(g) be the first derivative of 0*g + 1/2*g**2 + 3. Calculate a(w).
1
Let g(i) = -i - 5. Let k(m) = -2*m - 1. Let j = 11 - 9. Let c be k(j). Determine g(c).
0
Let w be 0 - ((-3)/9)/(1/(-12)). Let s(k) = 2*k**2 + 7*k + 8. Calculate s(w).
12
Suppose -15*q = -3*q - 36. Let o(n) be the first derivative of -n**4/4 + 2*n**3/3 + 2*n**2 - 8. Give o(q).
3
Let c be (-5)/(-3*(-5)/(-60)). Let g = -15 + c. Let m(u) = 11*u**2 - 23*u + 26. Let a(b) = 4*b**2 - 8*b + 9. Let n(q) = 8*a(q) - 3*m(q). Give n(g).
-6
Let l = -22 + 29. Suppose -a - l = -3. Let n(i) = i**2. Let r(p) = p**3 - 2*p**2 - p - 3. Let g(o) = 6*n(o) + r(o). What is g(a)?
1
Let p(l) be the third derivative of l**4/8 + l**3/2 + 332*l**2 + l. Let r = -30 - -44. Suppose 4*x + 2*j + 5 + 1 = 0, -5*x + 4*j - r = 0. What is p(x)?
-3
Let c be (-300)/(-51) - (-40)/340. Let h(j) = j + 12. Calculate h(c).
18
Let m(w) = -8*w + 8. Let z(h) = -10*h + 9. Let i(a) = -3*m(a) + 2*z(a). What is i(-4)?
-22
Let p(d) = -d - 15. Let s(t) = -t - 10. Let x(v) = -3*p(v) + 4*s(v). What is x(9)?
-4
Let b(f) = -f**3 - 5*f**2 - 4*f - 2. Let h be 3 - (0 + 6) - -2. Let k be (5/h)/(1/2*2). What is b(k)?
18
Let k(p) = -p**3 + p + 2. Let g(b) = b**3 + 3*b**2 + 2*b - 2. Let j(t) = -g(t) - 2*k(t). Calculate j(4).
-2
Let c(x) = -x**2 - x + 4. Let h = 451 - 454. Give c(h).
-2
Suppose 2*h = 2*g - 3*h - 41, 3*h = g - 23. Let y(b) be the second derivative of 1/20*b**5 - 5/12*b**4 + 4*b**2 + 0 - g*b - 4/3*b**3. Determine y(6).
-4
Let x(l) = l**3 + 5*l**2 - 4*l + 4. Suppose 0 = 4*f - 3 - 5. Suppose -f*r = -4*q + 70, -4 - 66 = 2*r + 4*q. Let d = 29 + r. Determine x(d).
-8
Suppose 18*b - 16*b - 12 = -s, -s + 4 = 0. Let r(v) = v**3 - 2*v**2 + 2*v - 2. Determine r(b).
38
Let j(x) = 1 - x**2 + 26900*x - 26899*x + 7*x**3 + 3*x**3. Give j(-1).
-11
Suppose -163 = 18*y - 55. Let r(i) be the second derivative of i**5/20 + 7*i**4/12 + 7*i**3/6 + 5*i**2/2 + i. Calculate r(y).
-1
Let s(l) = 3 + 1201*l**3 + 5*l**2 - 1200*l**3 - 11*l + 14*l. Calculate s(-3).
12
Let w(n) = -n**2 - 7*n - 6. Let i(u) = 10 + 2*u + 0*u + 2*u - 2*u. Let v be i(-8). Let l be (1/(-2))/(v/(-72)). What is w(l)?
0
Let k(j) = -j + 5. Let n be ((-10)/(-4))/(-2 + (-182)/(-56)). Let i(v) = -5. Let r(p) = -1. Let b(g) = 2*i(g) - 9*r(g). Let t(x) = n*b(x) + k(x). Give t(7).
-4
Let t(n) = -n**2 + 5*n - 3. Suppose -2*p = p + 3*k - 27, -4*k = 5*p - 40. Give t(p).
1
Suppose 52 = 4*t - 28. Suppose -2*z + 3*z - 11 = 3*x, 5*z = -t. Let r(a) = -a - 10. What is r(x)?
-5
Let k(l) = 4*l + l**2 + l - 5*l**3 - 13*l**2 - 7*l. Let w(z) = 4*z**3 + 11*z**2 + 2*z - 1. Let c(a) = 5*k(a) + 6*w(a). Suppose 5 + 1 = q. Determine c(q).
6
Let h(c) = c**3 + 3*c**2 + c - 2. Let k(y) = y - 7. Let t be ((-1)/(-2))/(16/(-128)). Let s be 2 - 2*(t - -3). Let m be k(s). Calculate h(m).
-5
Let v(n) be the second derivative of 1/3*n**3 - 1/6*n**4 + 3/2*n**2 - 1/20*n**5 + n - 16. What is v(-3)?
6
Suppose -8 = -d - d. Suppose 0 = -2*p + d*p - 0*p. Let w(h) = h**2 + h + 6. Give w(p).
6
Let i(d) = 9*d**3 - 2*d**2 + 2*d - 1. Let u be 0/3 + 6 + -5. Let g be -3 + 0 - (-5 + u). What is i(g)?
8
Let d(l) = 20 - 2287*l**3 + 2288*l**3 + 2*l - l + 14*l**2. Give d(-14).
6
Let k(i) = 2*i + 7. Let y be (-76 - -68) + 26/2. Give k(y).
17
Let i(q) = -q + 24. Let c be i(21). Suppose -7 = -c*t + 5. Let m(j) = j**2 - 4*j. Determine m(t).
0
Let d(u) = -u**3 + 5*u**2 + 2*u - 8. Let a(y) = 2*y**3 + 9*y**2 + 7*y. Let m be a(-3). Determine d(m).
-32
Let v(n) be the third derivative of -n**6/120 - 7*n**5/60 + n**4/3 - 2*n**3/3 + 39*n**2. Suppose d + 5*l + 11 = -d, -2*l = 4*d + 30. Give v(d).
-4
Suppose 0*u + 8 = 4*u. Let a be (7/(-14))/(u/(-8)). Let f(z) = -2*z**a + 4*z - 5 + 3 - 4 + 3*z**2. Calculate f(-5).
-1
Let c(w) be the second derivative of -2*w**5/5 + w**4/12 - w**3/6 + 2*w + 52. Give c(1).
-8
Let t(u) = u**3 - 5*u**2 + 4*u - 2. Let g(l) = 4*l**2 - 6*l + 12. Let s(i) = -i**2 - i - 1. Let n(d) = -g(d) - 3*s(d). Let r be n(7). Give t(r).
18
Suppose 8*s = 4*s. Let n(y) be the first derivative of 8 + 1/2*y**2 - 6*y. Give n(s).
-6
Let f(i) = 2*i**2 + 15*i + 8 - 9*i**3 + 9 + 12*i**2 + 10*i**3. Determine f(-13).
-9
Let d(r) = -7*r + 1. Let f be (-2)/10 + 16/(-200)*-15. What is d(f)?
-6
Let q(l) = 92291*l - 92291*l + 35*l**2. Calculate q(1).
35
Let q(t) = -13*t - 9. Let h(m) = 22*m + 18. Let s(g) = 3*h(g) + 5*q(g). Let k be (-124)/12 - 1/(-3). Give s(k).
-1
Let u(b) be the second derivative of 5*b**4/2 + b**3/6 + b**2 + 5*b. Determine u(-1).
31
Let f(l) = l + 1. Suppose 0 = -d - n + 15 - 7, -2*d = 5*n - 22. What is f(d)?
7
Let t(o) be the second derivative of -o**3/3 + 23*o**2/2 - 13*o. Let x be t(10). Let n(a) = 5 - 4 - a + a**2 - 2*a. What is n(x)?
1
Let o = 1891 - 1890. Let v(r) = 7*r + 7. Let a(x) = 7*x + 6. Let s(c) = -7*a(c) + 6*v(c). Give s(o).
-7
Let n = 11 - 5. Let k(l) = 5*l - 5*l + l. Let y(d) = -5*d + 2. Let i(h) = n*k(h) + y(h). Determine i(-4).
-2
Let r(j) = -3*j**2 - 3*j + 1. Let d(u) = -2*u**2 + u + 1. Let h(w) = 2*d(w) - r(w). What is h(4)?
5
Let l(f) be the third derivative of -3*f**2 - 1/120*f**6 - 1/20*f**5 + 0 + 0*f + 1/4*f**4 - 1/2*f**3. What is l(-5)?
17
Let y(w) = -49 - 2*w**2 - 52*w + 50 + 50*w + 9*w**2. Give y(1).
6
Let t(u) be the third derivative of 1/6*u**3 + 0 - 1/120*u**6 + 1/60*u**5 - 8*u**2 + 1/24*u**4 + 0*u. What is t(0)?
1
Let i(g) = 6*g + 2. Let q = 9 + -11. Let d be ((-4)/(-10))/((-5)/50*q). What is i(d)?
14
Let x(l) = l - 11*l**3 - 6 + 10*l**3 + 0*l + l + 5*l**2 + 5*l. What is x(6)?
0
Let q = -3 + 7. Suppose -7 - 2 = -3*o. Let p(i) = -i. Let f(z) = 8*z - 2. Let k(a) = o*f(a) + 21*p(a). Determine k(q).
6
Let n be ((-25)/4)/5*-4. Suppose 0*q - 2*q = -3*p + n, 5*p + q - 30 = 0. Let y(w) = -2 - w**3 + 1 + 2*w - p*w - 4*w**2 + 2. Calculate y(-3).
1
Let u(s) be the second derivative of -s**5/20 + s**4/3 + 2*s**3/3 - 5*s**2/2 + 12*s + 2. What is u(5)?
-10
Let z(f) = -f**3 - 6*f**2 + 5. Let m = -413 - -408. What is z(m)?
-20
Let u(k) = k - 10. Let l(p) = -2*p**3 - 17*p**2 + p + 69. Let w be l(-8). Give u(w).
-13
Let w(b) = b**2 - 7*b - 6. Let t(s) = -3*s**3 + 18*s**2 - 4. Let l(h) = 4*h**3 - 17*h**2 + 3. Let r(k) = -2*l(k) - 3*t(k). Let z be r(20). Determine w(z).
-12
Let l = 26 + -32. Let m(k) be the third derivative of 11*k**2 + 1/120*k**6 + 7/60*k**5 + 1/8*k**4 + 0 + 0*k - 5/6*k**3. Calculate m(l).
13
Let c(d) be the third derivative of d**4/24 + 3*d**3/2 + 60*d**2 - d. Give c(0).
9
Let z(w) = -3*w + 2. Let k(i) = 4*i - 2. Let d(s) = 4*k(s) + 5*z(s). Let b(u) = -2*u**2 + 16*u - 5. Let x be b(8). What is d(x)?
-3
Let m(f) = f - 10. Let c be m(12). Let g(a) = -a**c - 4*a + 2*a**2 - 3*a - 8 + 2*a. Determine g(6).
-2
Suppose 0 = -r + 11 - 8. Let h(t) = 28*t**3 + t**2 - 2*t**2 + 3 - 27*t**r - 4*t. Let q(b) = b**3 + 15*b**2 + b + 17. Let o be q(-15). Give h(o).
-1
Let i(b) = -b**3 - 3*b**2 + 6*b + 5. Let m = 11 - 10. Let j be m/(-1 - 12/(-10)). Suppose -j*s + 17 = -3*g, -s = -g - 5*s. Give i(g).
-3
Let a(f) = -3*f**3 + 17*f**2 + 10*f - 26. Let w(d) = 2*d**3 - 11*d**2 - 7*d + 17. Let i(z) = -5*a(z) - 7*w(z). What is i(8)?
3
Let v(h) = h**3 + 3*h**2 - 5*h + 2. Let n(c) = 3*c - 2*c - 7*c + 4*c - 21. Let l be n(-12). Suppose l*m + 8 = m. What is v(m)?
6
Let y(w) = 2*w**2 + 20*w + 4. Let i be y(-10)